{"id":1821,"date":"2026-01-07T11:33:18","date_gmt":"2026-01-07T11:33:18","guid":{"rendered":"https:\/\/mhspv-2026.webdesign-schwaben.de\/?page_id=1821"},"modified":"2026-03-10T17:02:12","modified_gmt":"2026-03-10T17:02:12","slug":"links","status":"publish","type":"page","link":"https:\/\/entwicklung26.chriskom.de\/index.php\/links\/","title":{"rendered":"Links"},"content":{"rendered":"<p>[et_pb_section fb_built=&#8220;1&#8243; _builder_version=&#8220;4.27.4&#8243; _module_preset=&#8220;default&#8220; custom_padding=&#8220;32px|||||&#8220; animation_style=&#8220;fade&#8220; global_colors_info=&#8220;{}&#8220;][et_pb_row _builder_version=&#8220;4.16&#8243; _module_preset=&#8220;default&#8220; custom_padding=&#8220;||7px|||&#8220; global_colors_info=&#8220;{}&#8220;][et_pb_column type=&#8220;4_4&#8243; _builder_version=&#8220;4.16&#8243; _module_preset=&#8220;default&#8220; global_colors_info=&#8220;{}&#8220;][et_pb_text _builder_version=&#8220;4.27.5&#8243; _module_preset=&#8220;default&#8220; text_font=&#8220;Amiko||||||||&#8220; header_font=&#8220;||||||||&#8220; header_2_font=&#8220;||||||||&#8220; header_2_font_size=&#8220;32px&#8220; header_3_font=&#8220;Amiko||||||||&#8220; header_4_font=&#8220;Amiko||||||||&#8220; global_colors_info=&#8220;{}&#8220;]<\/p>\n<h2 style=\"text-align: center;\">Links<\/h2>\n<p>[\/et_pb_text][\/et_pb_column][\/et_pb_row][et_pb_row column_structure=&#8220;3_5,2_5&#8243; _builder_version=&#8220;4.27.5&#8243; _module_preset=&#8220;default&#8220; custom_padding=&#8220;9px|||||&#8220; global_colors_info=&#8220;{}&#8220;][et_pb_column type=&#8220;3_5&#8243; _builder_version=&#8220;4.27.5&#8243; _module_preset=&#8220;default&#8220; global_colors_info=&#8220;{}&#8220;][et_pb_text _builder_version=&#8220;4.27.5&#8243; _module_preset=&#8220;default&#8220; global_colors_info=&#8220;{}&#8220;]<\/p>\n<p><a href=\"https:\/\/www.berlin.de\/ba-marzahn-hellersdorf\/\" target=\"_blank\" rel=\"noopener\">Bezirksamt Marzahn-Hellersdorf von Berlin &#8211; Berlin.de<\/a><\/p>\n<p><a href=\"https:\/\/aller-ehren-wert.de\/\" target=\"_blank\" rel=\"noopener\">Freiwilligen-Agentur Marzahn-Hellersdorf<\/a><\/p>\n<p><a href=\"https:\/\/freunde-der-gaerten-der-welt.de\/\" target=\"_blank\" rel=\"noopener\">Freunde der G\u00e4rten der Welt<\/a><\/p>\n<p><a href=\"https:\/\/www.freunde-neukoellns.de\/startseite\/\" target=\"_blank\" rel=\"noopener\">Freunde Neuk\u00f6llns e.V.<\/a><\/p>\n<p><a href=\"https:\/\/www.heimatverein-marzahn.de\" target=\"_blank\" rel=\"noopener\">Heimatverein Marzahn-Hellersdorf<\/a><\/p>\n<p><a href=\"https:\/\/www.marzahner-kammerchor.de\/\" target=\"_blank\" rel=\"noopener\">Marzahner Kammerchor<\/a><\/p>\n<p><a href=\"https:\/\/www.mpm-chor.de\/\" target=\"_blank\" rel=\"noopener\">Marzahner Promenaden-Mischung \u2013 Das vielseitige Chorensemble<\/a><\/p>\n<p><a href=\"https:\/\/www.mhwk.de\/\" target=\"_blank\" rel=\"noopener\">Marzahn-Hellersdorfer Wirtschaftskreis<\/a><\/p>\n<p><a href=\"https:\/\/partnerschaftsverein-spandau.de\/\" target=\"_blank\" rel=\"noopener\">Partnerschaftsverein Spandau \u2013 Kunst, Kultur und Geschichte aus Spandau<\/a><\/p>\n<p><a href=\"https:\/\/www.bsz-spv.de\/\" target=\"_blank\" rel=\"noopener\">St\u00e4dtepartnerschaftsvereins Steglitz-Zehlendorf<\/a><\/p>\n<p><a href=\"https:\/\/www.partner-tk.de\/\" target=\"_blank\" rel=\"noopener\">Verein Partner Treptow-K\u00f6penick<\/a><\/p>\n<p>[\/et_pb_text][et_pb_text disabled_on=&#8220;on|on|on&#8220; _builder_version=&#8220;4.27.5&#8243; _module_preset=&#8220;default&#8220; disabled=&#8220;on&#8220; global_colors_info=&#8220;{}&#8220;]<\/p>\n<p><a href=\"https:\/\/www.mhwk.de\/\" target=\"_blank\" rel=\"noopener\">Marzahn-Hellersdorfer Wirtschaftskreis e.V.<\/a><\/p>\n<p><a href=\"https:\/\/freunde-der-gaerten-der-welt.de\/\" target=\"_blank\" rel=\"noopener\">Verein Freunde der G\u00e4rten der Welt e.V.<\/a><\/p>\n<p><a href=\"https:\/\/www.marzahner-kammerchor.de\/\" target=\"_blank\" rel=\"noopener\">Marzahner Kammerchor e.V<\/a><\/p>\n<p><a href=\"https:\/\/www.heimatverein-marzahn.de\/\" target=\"_blank\" rel=\"noopener\">Heimatverein Marzahn-Hellersdorf e.V<\/a>.<\/p>\n<p><a href=\"https:\/\/www.kienbergpark.de\/\" target=\"_blank\" rel=\"noopener\">Umweltbildungszentrum am Kienbergpark<\/a><\/p>\n<p><a href=\"https:\/\/aller-ehren-wert.de\" target=\"_blank\" rel=\"noopener\">Freiwilligenagentur Marzahn-Hellersdorf<\/a><\/p>\n<p><a href=\"https:\/\/www.berlin.de\/ba-marzahn-hellersdorf\/\" target=\"_blank\" rel=\"noopener\">Bezirksamt Marzahn-Hellersdorf von Berlin<\/a><\/p>\n<p><a href=\"https:\/\/www.mpm-chor.de\" target=\"_blank\" rel=\"noopener\">Marzahner Promenaden-Mischung e.V.<\/a><\/p>\n<p><a href=\"https:\/\/bsz-spv.de\" target=\"_blank\" rel=\"noopener\">St\u00e4dtepartnerschaftsverein Steglitz-Zehlendorf<\/a><\/p>\n<p><a href=\"https:\/\/www.partner-tk.de\" target=\"_blank\" rel=\"noopener\">St\u00e4dtepartnerschaftsverein Treptow-K\u00f6penick<\/a><\/p>\n<p><a href=\"https:\/\/partnerschaftsverein-spandau.de\" target=\"_blank\" rel=\"noopener\">St\u00e4dtepartnerschaftsverein Spandau<\/a><\/p>\n<p>[\/et_pb_text][\/et_pb_column][et_pb_column type=&#8220;2_5&#8243; _builder_version=&#8220;4.27.5&#8243; _module_preset=&#8220;default&#8220; global_colors_info=&#8220;{}&#8220;][et_pb_image src=&#8220;https:\/\/entwicklung26.chriskom.de\/wp-content\/uploads\/2026\/01\/Marzahn.jpg&#8220; title_text=&#8220;Marzahn&#8220; _builder_version=&#8220;4.27.5&#8243; _module_preset=&#8220;default&#8220; global_colors_info=&#8220;{}&#8220;][\/et_pb_image][\/et_pb_column][\/et_pb_row][et_pb_row _builder_version=&#8220;4.27.5&#8243; _module_preset=&#8220;default&#8220; global_colors_info=&#8220;{}&#8220;][et_pb_column type=&#8220;4_4&#8243; _builder_version=&#8220;4.27.5&#8243; _module_preset=&#8220;default&#8220; global_colors_info=&#8220;{}&#8220;][et_pb_text _builder_version=&#8220;4.27.5&#8243; _module_preset=&#8220;default&#8220; global_colors_info=&#8220;{}&#8220;]<\/p>\n<p><span style=\"text-decoration: underline;\">Disclaimer:<\/span><br \/>Unsere Website enth\u00e4lt Links zu Webseiten Dritter oder zu anderen Websites in unserer Verantwortung. Wenn Sie einem Link zu einer dieser Webseiten (die au\u00dferhalb unserer Verantwortung liegen) folgen, weisen wir Sie darauf hin, dass diese Websites ihre eigenen Datenschutzrichtlinien haben und dass wir f\u00fcr diese Richtlinien keine Verantwortung oder Haftung \u00fcbernehmen. Bitte \u00fcberpr\u00fcfen Sie diese Datenschutzrichtlinien, bevor Sie freiwillig personenbezogene Daten an diese Webseiten weitergeben.<\/p>\n<p>[\/et_pb_text][\/et_pb_column][\/et_pb_row][\/et_pb_section]<\/p>\n","protected":false},"excerpt":{"rendered":"<p>LinksBezirksamt Marzahn-Hellersdorf von Berlin &#8211; Berlin.de Freiwilligen-Agentur Marzahn-Hellersdorf Freunde der G\u00e4rten der Welt Freunde Neuk\u00f6llns e.V. Heimatverein Marzahn-Hellersdorf Marzahner Kammerchor Marzahner Promenaden-Mischung \u2013 Das vielseitige Chorensemble Marzahn-Hellersdorfer Wirtschaftskreis Partnerschaftsverein Spandau \u2013 Kunst, Kultur und Geschichte aus Spandau St\u00e4dtepartnerschaftsvereins Steglitz-Zehlendorf Verein Partner Treptow-K\u00f6penickMarzahn-Hellersdorfer Wirtschaftskreis e.V. Verein Freunde der G\u00e4rten der Welt e.V. Marzahner Kammerchor e.V Heimatverein [&hellip;]<\/p>\n","protected":false},"author":1,"featured_media":0,"parent":0,"menu_order":0,"comment_status":"closed","ping_status":"closed","template":"","meta":{"_et_pb_use_builder":"on","_et_pb_old_content":"<p>[et_pb_section fb_built=\"1\" _builder_version=\"4.27.4\" _module_preset=\"default\" custom_padding=\"32px|||||\" animation_style=\"fade\" global_colors_info=\"{}\"][et_pb_row _builder_version=\"4.16\" _module_preset=\"default\" global_colors_info=\"{}\" custom_padding=\"||7px|||\"][et_pb_column type=\"4_4\" _builder_version=\"4.16\" _module_preset=\"default\" global_colors_info=\"{}\"][et_pb_text _builder_version=\"4.27.4\" _module_preset=\"default\" text_font=\"Amiko||||||||\" header_font=\"||||||||\" header_2_font=\"||||||||\" header_2_font_size=\"32px\" header_3_font=\"Amiko||||||||\" header_4_font=\"Amiko||||||||\" global_colors_info=\"{}\"]<\/p><h2><strong>Wir \u00fcber uns<\/strong><\/h2><p>[\/et_pb_text][\/et_pb_column][\/et_pb_row][et_pb_row _builder_version=\"4.27.5\" _module_preset=\"default\" column_structure=\"3_5,2_5\" hover_enabled=\"0\" sticky_enabled=\"0\" custom_padding=\"9px|||||\"][et_pb_column _builder_version=\"4.27.5\" _module_preset=\"default\" type=\"3_5\"][et_pb_text _builder_version=\"4.27.5\" _module_preset=\"default\" hover_enabled=\"0\" sticky_enabled=\"0\"]<\/p><p>In den 90er Jahren - nach der friedlichen Revolution in Deutschland - war alles im Umbruch. Auch neue St\u00e4dtepartnerschaften sind in dieser Zeit entstanden, die oft auf private Initiativen oder Verbindungen zur\u00fcckgehen.<\/p><p>Um die St\u00e4dtepartnerschaften, die auf kommunalpolitischer Ebene geschlossen wurden, mit Leben zu erf\u00fcllen, wurde 1994 der Marzahner St\u00e4dtepartnerschaftsverein gegr\u00fcndet, um die B\u00fcrgerinnen und B\u00fcrger in den verschiedensten Bereichen, die das gesellschaftliche und \u00f6ffentliche Leben umfassen, mit einzubeziehen und ihnen Begegnungen mit den B\u00fcrgern unserer Partnerst\u00e4dte zu erm\u00f6glichen; insbesondere im Rahmen eines Austauschs zwischen Erwachsenen, aber auch zwischen Jugendlichen. Wir beteiligen uns selbstverst\u00e4ndlich am \u00f6ffentlichen Leben im Stadtbezirk. Dazu arbeiten wir eng mit anderen Vereinen, Tr\u00e4gern und Einrichtungen zusammen.<\/p><p>[\/et_pb_text][\/et_pb_column][et_pb_column _builder_version=\"4.27.5\" _module_preset=\"default\" type=\"2_5\"][et_pb_image src=\"https:\/\/entwicklung26.chriskom.de\/wp-content\/uploads\/2020\/10\/man-791049_1920.jpg\" title_text=\"man-791049_1920\" _builder_version=\"4.27.4\" _module_preset=\"default\" global_colors_info=\"{}\"][\/et_pb_image][\/et_pb_column][\/et_pb_row][et_pb_row _builder_version=\"4.27.5\" _module_preset=\"default\" column_structure=\"3_5,1_5,1_5\" hover_enabled=\"0\" sticky_enabled=\"0\" custom_padding=\"8px|||||\"][et_pb_column _builder_version=\"4.27.5\" _module_preset=\"default\" type=\"3_5\"][et_pb_text _builder_version=\"4.27.5\" _module_preset=\"default\" hover_enabled=\"0\" sticky_enabled=\"0\"]<\/p><p>Der Verein unternimmt Reisen in die Partnerst\u00e4dte, betreut Besuchergruppen und unterst\u00fctzt das Bezirksamt Marzahn-Hellersdorf, mit dem der Verein sehr eng zusammenarbeitet, bei der Betreuung offizieller Delegationen. Seit einigen Jahren sind wir in der politischen Bildungsarbeit, auch \u00fcber Landesgrenzen hinweg, t\u00e4tig. Denn unser oberstes Ziel ist die F\u00f6rderung von Demokratie und V\u00f6lkerverst\u00e4ndigung.<\/p><p>[\/et_pb_text][\/et_pb_column][et_pb_column _builder_version=\"4.27.5\" _module_preset=\"default\" type=\"1_5\"][et_pb_image src=\"https:\/\/entwicklung26.chriskom.de\/wp-content\/uploads\/2020\/10\/man-791049_1920.jpg\" title_text=\"man-791049_1920\" _builder_version=\"4.27.4\" _module_preset=\"default\" global_colors_info=\"{}\"][\/et_pb_image][\/et_pb_column][et_pb_column _builder_version=\"4.27.5\" _module_preset=\"default\" type=\"1_5\"][et_pb_image src=\"https:\/\/entwicklung26.chriskom.de\/wp-content\/uploads\/2020\/10\/man-791049_1920.jpg\" title_text=\"man-791049_1920\" _builder_version=\"4.27.4\" _module_preset=\"default\" global_colors_info=\"{}\"][\/et_pb_image][\/et_pb_column][\/et_pb_row][et_pb_row _builder_version=\"4.27.5\" _module_preset=\"default\" custom_padding=\"6px|||||\"][et_pb_column _builder_version=\"4.27.5\" _module_preset=\"default\" type=\"4_4\"][et_pb_text _builder_version=\"4.27.5\" _module_preset=\"default\" hover_enabled=\"0\" sticky_enabled=\"0\"]<\/p><p style=\"text-align: center;\">Der Verein wurde nach der Fusion der Bezirke Marzahn und Hellersdorf im Jahr 2001 in Marzahn-Hellersdorfer St\u00e4dtepartnerschaftsverein umbenannt.<\/p><p>[\/et_pb_text][\/et_pb_column][\/et_pb_row][et_pb_row column_structure=\"1_2,1_2\" _builder_version=\"4.16\" _module_preset=\"default\" global_colors_info=\"{}\"][et_pb_column type=\"1_2\" _builder_version=\"4.16\" _module_preset=\"default\" global_colors_info=\"{}\"][et_pb_text _builder_version=\"4.27.4\" _module_preset=\"default\" global_colors_info=\"{}\"]<\/p><h2>Wer wir sind<\/h2><p>[\/et_pb_text][et_pb_text _builder_version=\"4.27.4\" _module_preset=\"default\" global_colors_info=\"{}\"]<\/p><p>Your content goes here. Edit or remove this text inline or in the module Content settings. You can also style every aspect of this content in the module Design settings and even apply custom CSS to this text in the module Advanced settings.<\/p><p>[\/et_pb_text][\/et_pb_column][et_pb_column type=\"1_2\" _builder_version=\"4.16\" _module_preset=\"default\" global_colors_info=\"{}\"][et_pb_text _builder_version=\"4.27.4\" _module_preset=\"default\" global_colors_info=\"{}\"]<\/p><h2>Zielsetzungen<\/h2><p>[\/et_pb_text][et_pb_text _builder_version=\"4.27.4\" _module_preset=\"default\" global_colors_info=\"{}\"]<\/p><p>Your content goes here. Edit or remove this text inline or in the module Content settings. You can also style every aspect of this content in the module Design settings and even apply custom CSS to this text in the module Advanced settings.<\/p><p>[\/et_pb_text][\/et_pb_column][\/et_pb_row][et_pb_row _builder_version=\"4.16\" _module_preset=\"default\" global_colors_info=\"{}\"][et_pb_column type=\"4_4\" _builder_version=\"4.16\" _module_preset=\"default\" global_colors_info=\"{}\"][et_pb_text _builder_version=\"4.27.4\" _module_preset=\"default\" global_colors_info=\"{}\"]<\/p><h2>Was wir wollen<\/h2><p>[\/et_pb_text][et_pb_text _builder_version=\"4.27.4\" _module_preset=\"default\" global_colors_info=\"{}\"]<\/p><p>Your content goes here. Edit or remove this text inline or in the module Content settings. You can also style every aspect of this content in the module Design settings and even apply custom CSS to this text in the module Advanced settings.<\/p><p>[\/et_pb_text][\/et_pb_column][\/et_pb_row][et_pb_row column_structure=\"1_2,1_2\" _builder_version=\"4.16\" _module_preset=\"default\" global_colors_info=\"{}\"][et_pb_column type=\"1_2\" _builder_version=\"4.16\" _module_preset=\"default\" global_colors_info=\"{}\"][et_pb_text _builder_version=\"4.27.4\" _module_preset=\"default\" global_colors_info=\"{}\"]<\/p><h2>Was wir leisten<\/h2><p>[\/et_pb_text][et_pb_text _builder_version=\"4.27.4\" _module_preset=\"default\" global_colors_info=\"{}\"]<\/p><p>Your content goes here. Edit or remove this text inline or in the module Content settings. You can also style every aspect of this content in the module Design settings and even apply custom CSS to this text in the module Advanced settings.<\/p><p>[\/et_pb_text][\/et_pb_column][et_pb_column type=\"1_2\" _builder_version=\"4.16\" _module_preset=\"default\" global_colors_info=\"{}\"][et_pb_image src=\"https:\/\/entwicklung26.chriskom.de\/wp-content\/uploads\/2020\/10\/man-791049_1920.jpg\" title_text=\"man-791049_1920\" _builder_version=\"4.27.4\" _module_preset=\"default\" global_colors_info=\"{}\"][\/et_pb_image][\/et_pb_column][\/et_pb_row][\/et_pb_section]<\/p>","_et_gb_content_width":"","footnotes":""},"class_list":["post-1821","page","type-page","status-publish","hentry"],"_links":{"self":[{"href":"https:\/\/entwicklung26.chriskom.de\/index.php\/wp-json\/wp\/v2\/pages\/1821","targetHints":{"allow":["GET"]}}],"collection":[{"href":"https:\/\/entwicklung26.chriskom.de\/index.php\/wp-json\/wp\/v2\/pages"}],"about":[{"href":"https:\/\/entwicklung26.chriskom.de\/index.php\/wp-json\/wp\/v2\/types\/page"}],"author":[{"embeddable":true,"href":"https:\/\/entwicklung26.chriskom.de\/index.php\/wp-json\/wp\/v2\/users\/1"}],"replies":[{"embeddable":true,"href":"https:\/\/entwicklung26.chriskom.de\/index.php\/wp-json\/wp\/v2\/comments?post=1821"}],"version-history":[{"count":12,"href":"https:\/\/entwicklung26.chriskom.de\/index.php\/wp-json\/wp\/v2\/pages\/1821\/revisions"}],"predecessor-version":[{"id":2165,"href":"https:\/\/entwicklung26.chriskom.de\/index.php\/wp-json\/wp\/v2\/pages\/1821\/revisions\/2165"}],"wp:attachment":[{"href":"https:\/\/entwicklung26.chriskom.de\/index.php\/wp-json\/wp\/v2\/media?parent=1821"}],"curies":[{"name":"wp","href":"https:\/\/api.w.org\/{rel}","templated":true}]}}